-2*t**2 - t + 33. Let j be v(4). Let y(h) be the third derivative of -h**4/12 - 2*h**3/3 + h**2. Give y(j).
2
Let b(l) = l**2 + 3*l + 1. Let g be b(-1). Let s(i) = -i**3 - i**2 - 1. What is s(g)?
-1
Let w(d) = -2*d**2 + 13*d + 31. Let g(a) = -3*a**2 + 19*a + 47. Let t = 15 + -7. Let r(y) = t*w(y) - 5*g(y). Determine r(10).
3
Let o(m) = m - 6. Let v be 2/(-3) + (-46)/3. Let k = 16 + v. Suppose 8*a - 4*a = k. Calculate o(a).
-6
Let q(n) = n - 18. Suppose -3*a = 3*h - 51, -4*h = 3*a + 19 - 83. Calculate q(h).
-5
Let j(r) = -r - 7. Let k be j(0). Let q = -42 + 54. Let c(z) = -35*z + 16*z + 18*z - q. Give c(k).
-5
Let d(q) = q**3 - 6*q**2 + 7*q - 8. Suppose 20*r - 26 = 74. Calculate d(r).
2
Let o be 2*90/(-3) + 0. Let y = 54 + o. Let p(g) = -g**2 - 3*g - g - 2*g + 3. Determine p(y).
3
Let q(r) = 8*r**2 - 7*r - 3. Let z(a) = 17*a**2 - 15*a - 7. Let c(m) = 7*q(m) - 3*z(m). Let k(g) = 11*g**2 - 9*g + 1. Let f(u) = 5*c(u) - 2*k(u). What is f(2)?
6
Suppose 0 = 2*p - 0 - 6. Let w(q) = 4 + 4*q**2 - 12*q**2 - 9*q + p*q + 10*q**2. Calculate w(4).
12
Let p = 11 + -7. Suppose -p - 10 = 2*d. Let x be (d/(28/(-16)))/2. Let y(g) = -2*g. Determine y(x).
-4
Suppose -u - 2*u + 6*u = 0. Suppose 3*p + 2 - 17 = u. Let q(w) = w - 1. Calculate q(p).
4
Let t(y) be the first derivative of -y**4/24 + 11*y**3/6 - 5*y**2 + 10. Let d(g) be the second derivative of t(g). Give d(7).
4
Suppose -5*o + 0 + 50 = 0. Let j(r) = 2*r**2 - 12 - r - 4*r**2 + o + r**2. What is j(0)?
-2
Let c(z) = -10*z - 1. Let s be c(-1). Let q = -14 + s. Let m(l) be the first derivative of l**3/3 + l**2 - 2*l - 2. What is m(q)?
13
Let d(a) be the second derivative of a**5/20 + a**4/12 - a**3/3 + 4*a. Let g be (-55)/(-2) + (20/(-8) - -4). Let t = g + -27. What is d(t)?
8
Suppose -14 = 2*a - 90. Let m(w) = a*w**3 - 6*w - 39*w**3 - 2 - 6*w**2 + w. Give m(-5).
-2
Let k(l) = -3*l**3 + 4*l**2 - 2*l - 1. Let a be k(3). Let z = -57 - a. Let r(o) = -o**3 - 5*o**2 + 1. Calculate r(z).
1
Let g(z) = -5*z**2. Suppose 5*j = 3*u - 12, -5*u + 19 = -4*j - 1. Suppose 0 = -3*t + f - 5*f + 17, 5*t - 15 = -u*f. Calculate g(t).
-5
Suppose 4*m - 63 = -75. Let v(a) = a**3 + 4*a**2 + 4*a + 4. Give v(m).
1
Let f(p) = 2*p + 22 - 10 - 4*p - 13 - p**2 + 15*p**3. Give f(-1).
-15
Let n(m) = 2*m**2 + 5*m - 3. Let c(r) = 5*r**2 + 10*r - 6. Let q(h) = 3*c(h) - 7*n(h). Suppose -31 = 3*w + w - 47. Calculate q(w).
-1
Let d be (((-2)/4)/(2/8))/2. Let i(m) = m**2 + 5*m - 5. Let s be i(-6). Let p(t) = t**2. Let v(u) = 3*u**2 + 2*u + 1. Let j(q) = s*v(q) - 2*p(q). Give j(d).
0
Let u(m) = m**2 - 5*m - 5. Let b(y) = 3*y**2 + 2. Let q be b(-1). Give u(q).
-5
Let s(y) = 7*y**3 - 9*y**2 - 6*y - 7. Let t(g) = 8*g**3 - 9*g**2 - 8*g - 8. Let w(x) = 7*s(x) - 6*t(x). Determine w(8).
-17
Let s = 17 - 17. Let h(b) = b + 9. Let c(o) = -3*o - 42. Let z(n) = c(n) + 4*h(n). Determine z(s).
-6
Let l = -24 - -26. Suppose -3*x + 3 = -l*x. Let s(t) = 4*t - 7*t + 8*t**2 + 0*t - 5*t - t**x + 7. What is s(7)?
0
Let a(p) = 14 + 13*p**3 - 39*p**3 - 8 - 7 + p**2. Determine a(1).
-26
Let h = 29 + -13. Suppose -3*o - 2 = 2*u - h, 2*o = u. Let w(j) = -o*j - j**2 + 8*j + 3 - 3. What is w(6)?
0
Let x(f) = f**2 - 3*f - 8. Suppose 0 = 192*l - 202*l + 40. Give x(l).
-4
Let w(q) be the first derivative of -q**3/3 - 7*q**2 + 4*q - 23. Calculate w(-15).
-11
Let l(b) = -b**3 + 13*b**2 - b + 9. Let k be (-4 - (24 - 2))/(-2). Give l(k).
-4
Let u(r) = 2*r - 4 - 3*r + 9*r - 8*r + 5*r. What is u(-8)?
-44
Let q(u) = 2*u + 4 - 19 + 19. What is q(6)?
16
Let o(d) be the first derivative of 3*d - 1/2*d**2 + 2/3*d**3 + 1/4*d**4 + 8. Let i(l) = l**2 - 3*l - 3. Let r be i(3). What is o(r)?
-3
Let t(v) = -4*v + 1. Let z(u) = -5*u + 1. Let g(j) = 6*t(j) - 5*z(j). Suppose 0 = -0*d - 4*d - 56. Let c = -13 - d. Calculate g(c).
2
Suppose 0 = 4*j + f - 23, -2*j - 2 = -0*f - 4*f. Let k be 0 - 1/j - 32/(-10). Let t(x) = x**3 - x**2 - 3*x - 4. Calculate t(k).
5
Suppose -153*a = -154*a + 4. Let y(b) = -b**2 + 3*b + 9. Calculate y(a).
5
Let n = 27 - 5. Let o be n/77 + (-2)/7. Let c(l) be the third derivative of l**5/60 - l**4/24 + 5*l**3/3 + l**2. Determine c(o).
10
Let z(j) = -3*j + 15 + 11 + 10 - 58 + 17. Determine z(-7).
16
Suppose w = -5*w + 5*w. Suppose w = -u + 7*u - 18. Let a(g) = g**2 - 4*g. Determine a(u).
-3
Let l(s) be the second derivative of -s**5/20 - 5*s**4/6 + 5*s**3/3 - 6*s**2 - 6*s - 2. Calculate l(-11).
-1
Let p(r) be the first derivative of -3*r**2 - 1/4*r**4 - 16 - 2*r**3 - 4*r. Let c be ((-2)/(-3))/((-1)/6). Give p(c).
-12
Let b(v) = -5*v**2 - 2*v - 19. Let w(n) = 2*n**2 + n + 9. Let o(y) = -3*b(y) - 7*w(y). Give o(-3).
6
Let b(x) = x**2 - 2*x - 2. Let m be b(0). Let j(h) = h**2 - 8*h - 7. Let w be j(9). Let o(a) = -1 + 3*a - a**3 - w*a**2 + 2 + 0. Determine o(m).
-5
Let o(q) = -q**3 - q**2. Suppose -10*u = -13*u - 5*u. Determine o(u).
0
Let m(r) = -2*r**2 + 87*r - 119. Let h be m(42). Let b(k) = k**3 - 7*k**2 - 7. Give b(h).
-7
Let d(f) = f - 11. Let c be (-2)/(-3*(-7)/42). What is d(c)?
-15
Let r(i) be the second derivative of -i**6/60 - i**5/20 + i**4/6 + i**3/6 - 14*i**2 - 8*i. Let b(n) be the first derivative of r(n). Give b(-3).
16
Let h(d) = 6*d**2 + 1. Let t = -436 - -435. Determine h(t).
7
Let m(b) be the third derivative of -5*b**4/24 - 4*b**3/3 - 57*b**2 + 2*b. Determine m(-7).
27
Let k(p) = -2*p + 3*p - 3*p - 3*p + 2*p. What is k(-2)?
6
Let r be ((-4)/(-6))/((-4)/6). Let i(y) = -7*y + 11. Let q(j) be the first derivative of -7*j**2/2 + 13*j - 17. Let n(z) = -7*i(z) + 6*q(z). What is n(r)?
-6
Let a(i) = i**2 - 2*i**3 - 2*i + 12 + 3*i**3 + i**2 + 2*i**2 - 7. What is a(-5)?
-10
Let q(s) = -4*s**3 - 7*s**2 - 15*s - 4. Let l(i) = 5*i**3 + 10*i**2 + 16*i + 4. Let w(z) = -5*l(z) - 6*q(z). Let v be (-2 + 11)*2/(-2). Calculate w(v).
-5
Let t(b) = -b**3 + 4*b**2 + 3*b + 3. Suppose -l + 5*k + 24 = -3, 2*k - 54 = -5*l. Suppose 2*n = l*n - 50. Give t(n).
-7
Let j(z) = -15. Let x(y) = -12*y + 58. Let m(b) = 4*j(b) + x(b). Calculate m(-1).
10
Let a(g) = g - 4*g - 6*g**2 - 3 + 3*g**2. Suppose 0 = -5*h + 3*d + 5, 137*h = 135*h - d - 9. Give a(h).
-9
Let t(w) = w**3 - 17*w**2 - 13*w - 90. Let s be t(18). Let b(g) = 2*g**2 + 5. Calculate b(s).
5
Suppose 0 = 25*d - 3*d. Let x(z) be the first derivative of z**3/3 - z**2/2 - 4*z + 1. Determine x(d).
-4
Let c(q) = -q**2 + 5*q - 2. Let m = -21 - -34. Suppose -m = -8*l + 19. What is c(l)?
2
Suppose -4*x = 4, -44 = -9*j + 12*j + 5*x. Let z(t) = -t**3 - 13*t**2 + 7. Give z(j).
7
Let b(y) = 2*y + y - 1 + 4. Let z(t) = -t - 2. Let v be z(-4). Suppose -2*h = -p - 7 - v, -4*h - 3 = 5*p. Give b(p).
-6
Let h(o) = -2*o + 1. Let j be h(5). Let f(a) = -2 - 150*a + 283*a - 143*a - a**2. What is f(j)?
7
Let a(p) = 2*p. Let k be a(-1). Let z(i) = -47 + 83 + 3*i**2 - 37 + i**3. Determine z(k).
3
Let n(o) = 3*o**3 - 2*o**3 + 6 + 5*o**2 - 9 + 2*o. Let p(w) = w**2 - 13*w + 36. Let k be p(8). Determine n(k).
5
Let d(o) = -11*o**3 - 2 + o + 12*o**3 - o**2 - o. Let k(p) = p**2 + 6*p - 11. Let y be k(-9). Let v be 0/(4/y*4). Give d(v).
-2
Suppose 0 = 5*n + 4*l - 25, 0*n - 5 = -n - 4*l. Suppose -2*w + 6*h = 2*h - 30, n*h - 1 = -w. Let z = w - 5. Let x(u) = -u**3 + 7*u**2 - 6*u + 1. Calculate x(z).
1
Let z be -25 + 24 - (-15)/3. Let s(m) = -m**2 + 5*m - 6. Calculate s(z).
-2
Let h(k) = -k**2 + 3*k - 2. Let y(r) = r**3 + 7*r**2 - r - 5. Suppose -u - u = 14. Let n be y(u). What is h(n)?
0
Let n(d) = -521*d + 256*d + 264*d. Determine n(-17).
17
Let n(s) = -63*s - 4 + 25 + 31*s - s**2 + 27*s. Determine n(-9).
-15
Suppose -6 = a - 11. Suppose a*o = -4*d - 1, -2*o = -4*d + 23 + 11. Let f(k) = k**3 - 6*k**2 - 3*k + 6. Give f(d).
-12
Let v(i) be the second derivative of i**3/3 - i**2/2 + 17*i. Suppose 0 = -24*j + 23*j + 5. Give v(j).
9
Let u(p) = -p**3 - p**2 - 3*p - 3. Let a be u(-3). Let o = a - 23. Let d(q) = -2*q - 7. Let y(i) = 4*i + 15. Let l(g) = 13*d(g) + 6*y(g). Give l(o).
-3
Suppose 0 = 2*v - 0*v - 12. Suppose -3*b = -v + 36. Let z = 11 + b. Let q(i) = 7*i. Calculate q(z).
7
Let u(a) = 2*a + 9. Suppose 16*l - 60 = 11*l. Suppose 0 = -5*h + l*s - 8*s - 51, -5*h - 31 = s. Determine u(h).
-5
Let n(w) = -3*w. Let p(f) = 5*f - 191. Let m be p(37). What is n(m)?
18
Let l(w) be the second derivative of -w**3/3 + 3*w**2 - 3*w. Let z(x) be the second derivative of x**3/6 +